2.
1
What is 255 (base 6) in base 12?
8b
Convert -9 (base 13) to base 15.
-9
Convert -1000 (base 3) to base 8.
-33
What is 113 (base 7) in base 14?
43
What is 143 (base 8) in base 11?
90
What is 8 (base 10) in base 4?
20
2 (base 10) to base 3
2
What is -115 (base 9) in base 13?
-74
-24 (base 13) to base 9
-33
-110 (base 5) to base 13
-24
Convert 1 (base 3) to base 7.
1
1d (base 16) to base 14
21
What is 3 (base 7) in base 4?
3
What is 30 (base 14) in base 6?
110
What is 256 (base 7) in base 8?
213
-2 (base 8) to base 10
-2
What is 6 (base 11) in base 8?
6
Convert 3 (base 10) to base 12.
3
What is 0 (base 2) in base 6?
0
Convert 202 (base 7) to base 11.
91
Convert -b (base 13) to base 8.
-13
-1d (base 16) to base 12
-25
Convert 1002 (base 4) to base 10.
66
7 (base 15) to base 13
7
-2 (base 8) to base 9
-2
What is -11 (base 2) in base 15?
-3
Convert -2 (base 15) to base 9.
-2
What is 28 (base 9) in base 12?
22
Convert 203 (base 4) to base 6.
55
Convert -21 (base 13) to base 9.
-30
Convert -19 (base 10) to base 16.
-13
Convert 123 (base 5) to base 2.
100110
Convert -128 (base 15) to base 16.
-107
What is -3 (base 12) in base 5?
-3
Convert 3 (base 14) to base 7.
3
Convert -92 (base 13) to base 8.
-167
What is 147 (base 8) in base 3?
10211
What is -102 (base 4) in base 9?
-20
What is -110011110 (base 2) in base 11?
-347
Convert -3 (base 16) to base 13.
-3
Convert 16 (base 11) to base 9.
18
What is 23 (base 7) in base 14?
13
-8 (base 11) to base 5
-13
2 (base 10) to base 4
2
Convert -1 (base 10) to base 2.
-1
-3 (base 15) to base 12
-3
Convert -27 (base 10) to base 6.
-43
Convert a (base 15) to base 3.
101
What is -3 (base 16) in base 14?
-3
142 (base 5) to base 4
233
120 (base 3) to base 10
15
What is 10 (base 2) in base 14?
2
Convert -68 (base 12) to base 13.
-62
Convert -3 (base 13) to base 8.
-3
-10 (base 7) to base 11
-7
Convert -4 (base 10) to base 3.
-11
What is -99 (base 11) in base 8?
-154
-5 (base 14) to base 7
-5
-9 (base 10) to base 13
-9
What is -10210 (base 3) in base 5?
-402
Convert -55 (base 12) to base 4.
-1001
What is 0 (base 5) in base 13?
0
Convert 11010 (base 2) to base 9.
28
What is -2212 (base 3) in base 2?
-1001101
Convert 2 (base 12) to base 14.
2
3 (base 5) to base 2
11
Convert -77 (base 13) to base 6.
-242
Convert 2 (base 14) to base 12.
2
-10 (base 4) to base 7
-4
What is 5 (base 14) in base 13?
5
What is 65 (base 9) in base 13?
47
-10000 (base 2) to base 13
-13
-6 (base 16) to base 4
-12
What is -4 (base 5) in base 7?
-4
Convert 6 (base 9) to base 13.
6
Convert -9 (base 13) to base 11.
-9
Convert -12 (base 14) to base 5.
-31
What is -6 (base 16) in base 6?
-10
Convert 2 (base 9) to base 11.
2
525 (base 6) to base 9
238
10011 (base 2) to base 6
31
-1331 (base 4) to base 11
-104
What is -4 (base 15) in base 11?
-4
Convert -10 (base 3) to base 14.
-3
114 (base 10) to base 6
310
What is 110 (base 2) in base 11?
6
4 (base 8) to base 6
4
Convert -3 (base 9) to base 14.
-3
351 (base 6) to base 2
10001011
Convert -1 (base 3) to base 12.
-1
What is 43 (base 6) in base 16?
1b
Convert 1 (base 4) to base 2.
1
Convert 0 (base 6) to base 11.
0
What is -30 (base 4) in base 8?
-14
What is 30 (base 5) in base 7?
21
Convert 3 (base 4) to base 3.
10
b (base 14) to base 6
15
Convert 22 (base 11) to base 15.
19
What is -11 (base 2) in base 5?
-3
-4 (base 11) to base 5
-4
Convert 34 (base 8) to base 4.
130
What is -1 (base 7) in base 8?
-1
What is 423 (base 5) in base 14?
81
What is 187 (base 9) in base 14?
b6
0 (base 11) to base 14
0
167 (base 16) to base 5
2414
Convert 2 (base 13) to base 5.
2
Convert -112 (base 7) to base 9.
-64
Convert 3 (base 13) to base 15.
3
What is -3 (base 12) in base 6?
-3
What is 9e (base 15) in base 13?
b6
Convert 0 (base 14) to base 6.
0
-210 (base 4) to base 16
-24
What is 0 (base 5) in base 16?
0
1112 (base 4) to base 2
1010110
What is 0 (base 3) in base 15?
0
What is 205 (base 13) in base 14?
1a7
What is -1 (base 14) in base 16?
-1
1 (base 5) to base 7
1
What is 3 (base 12) in base 13?
3
What is 1112 (base 3) in base 10?
41
What is 79 (base 14) in base 3?
10222
Convert -1 (base 15) to base 6.
-1
Convert 102 (base 3) to base 4.
23
-124 (base 11) to base 15
-9c
222 (base 3) to base 7
35
2 (base 11) to base 6
2
What is -59 (base 15) in base 4?
-1110
What is -132 (base 4) in base 9?
-33
What is -30 (base 4) in base 6?
-20
What is -10003 (base 4) in base 3?
-100121
What is 0 (base 11) in base 16?
0
What is 1 (base 4) in base 7?
1
Convert -14 (base 9) to base 7.
-16
c (base 13) to base 9
13
Convert -10100111 (base 2) to base 9.
-205
Convert -24 (base 12) to base 7.
-40
Convert -10000 (base 2) to base 14.
-12
What is -10 (base 2) in base 10?
-2
Convert 2 (base 10) to base 6.
2
-1 (base 9) to base 10
-1
Convert 4 (base 7) to base 3.
11
10 (base 10) to base 15
a
Convert 0 (base 2) to base 3.
0
Convert -2 (base 15) to base 13.
-2
Convert 234 (base 7) to base 2.
1111011
-23a (base 13) to base 16
-183
What is -3 (base 8) in base 14?
-3
9 (base 12) to base 16
9
What is -1 (base 15) in base 14?
-1
What is 10 (base 2) in base 6?
2
-3 (base 10) to base 4
-3
Convert -1 (base 12) to base 3.
-1
Convert 33 (base 14) to base 10.
45
-4 (base 15) to base 2
-100
What is -14 (base 11) in base 13?
-12
What is 3 (base 8) in base 10?
3
1 (base 12) to base 16
1
Convert c5 (base 16) to base 12.
145
Convert -26 (base 11) to base 4.
-130
What is 3 (base 4) in base 9?
3
Convert -18 (base 14) to base 16.
-16
Convert 0 (base 10) to base 14.
0
Convert 3 (base 4) to base 13.
3
What is -221 (base 7) in base 16?
-71
What is 4 (base 6) in base 2?
100
What is 4 (base 14) in base 7?
4
What is b3 (base 16) in base 6?
455
Convert 105 (base 7) to base 15.
39
What is 8 (base 11) in base 13?
8
What is 3300 (base 4) in base 11?
1a9
What is 11 (base 10) in base 5?
21
Convert -1 (base 15) to base 9.
-1
What is -35 (base 7) in base 11?
-24
Convert -11021 (base 3) to base 2.
-1110011
Convert -108 (base 10) to base 11.
-99
Convert 2 (base 4) to base 10.
2
What is -100 (base 2) in base 12?
-4
What is 0 (base 14) in base 12?
0
What is 37 (base 8) in base 5?
111
Convert a6 (base 15) to base 9.
183
What is 14 (base 5) in base 2?
1001
-44 (base 15) to base 10
-64
-1a (base 11) to base 12
-19
-12 (base 6) to base 5
-13
What is -f (base 16) in base 4?
-33
Convert -44 (base 5) to base 15.
-19
11 (base 4) to base 14
5
1 (base 8) to base 14
1
-3 (base 13) to base 3
-10
Convert 2 (base 6) to base 11.
2
Convert -1 (base 2) to base 4.
-1
What is -15 (base 6) in base 16?
-b
Convert 5 (base 15) to base 2.
101
What is 0 (base 12) in base 11?
0
Convert -21 (base 3) to base 6.
-11
Convert 10 (base 3) to base 9.
3
Convert 1100 (base 3) to base 15.
26
What is -6 (base 16) in base 5?
-11
2 (base 16) to base 7
2
34 (base 7) to base 10
25
-220 (base 3) to base 10
-24
Convert 224 (base 5) to base 15.
44
Convert 19 (base 10) to base 9.
21
29 (base 12) to base 15
23
Convert -10012 (base 3) to base 14.
-62
Convert 78 (base 11) to base 12.
71
-5 (base 8) to base 12
-5
-4 (base 9) to base 5
-4
What is -24 (base 6) in base 12?
-14
What is -2 (base 14) in base 8?
-2
-2b (base 14) to base 2
-100111
-207 (base 11) to base 12
-189
Convert 1d (base 16) to base 9.
32
What is 34 (base 8) in base 14?
20
What is 44 (base 6) in base 7?
40
-176 (base 11) to base 12
-150
What is -3 (base 11) in base 13?
-3
-4 (base 15) to base 10
-4
Convert 1 (base 3) to base 7.
1
3 (base 4) to base 13
3
1 (base 8) to base 7
1
-22 (base 8) to base 11
-17
Convert -2 (base 11) to base 2.
-10
What is -2 (base 10) in base 7?
-2
-44 (base 10) to base 13
-35
11 (base 2) to base 12
3
What is 202 (base 4) in base 3?
1021
What is -52 (base 7) in base 12?
-31
What is 40 (base 5) in base 13?
17
4 (base 14) to base 9
4
Convert 2 (base 16) to base 6.
2
Convert 11 (base 14) to base 10.
15
What is -2121 (base 3) in base 13?
-55
Convert 12 (base 5) to base 10.
7
Convert 1 (base 9) to base 14.
1
What is 4 (base 16) in base 9?
4
Convert 20 (base 3) to base 4.
12
4 (base 10) to base 13
4
Convert 121 (base 8) to base 11.
74
-1 (base 5) to base 13
-1
-4 (base 7) to base 6
-4
What is 1b (base 16) in base 14?
1d
-3 (base 12) to base 13
-3
Convert -1 (base 2) to base 14.
-1
Convert 112 (base 6) to base 15.
2e
Convert -183 (base 12) to bas